
Let c = 1102 + 481. What is the units digit of c?
3
Suppose 4*m = b + 2104, -m - 5*b + 237 = -289. What is the units digit of m?
6
Let h = 35 - 32. Suppose -h*r = -7 - 5, 2*a = 4*r + 104. What is the units digit of a?
0
Let k(z) = 2*z - 21. Let v be k(13). Suppose -4*n - 2 = -10. What is the units digit of v - (6 - n - 3)?
4
Suppose -2*o + 0*o + j + 1852 = 0, -4*o - j + 3698 = 0. What is the tens digit of o?
2
Suppose 1 = 2*r - 2*x + x, 4*x + 4 = 0. What is the units digit of r + (-11 - -3)*-1?
8
Let b be 30/(-4)*20/(-25). Suppose 2 = -x + b. Suppose 0*m + x*m = 92. What is the tens digit of m?
2
Suppose -n + 3*h - 193 = 0, 3*n + n + 772 = -3*h. Let r = -106 - n. What is the units digit of r?
7
Let q(n) = -2*n + 0*n + n + 0*n + 1. Let j be q(6). Let l = 19 + j. What is the units digit of l?
4
What is the tens digit of 81368/35 + (-56)/70?
2
Suppose -2*v - 3*c = -8*c - 69, 5*c - 63 = -4*v. Suppose -6*l = -v - 38. What is the units digit of l?
0
Let d(k) = -k**2 - 6*k. Let j be d(-5). Suppose 0 = j*n - 190 - 565. What is the tens digit of n?
5
Let k(r) = 2406*r**2 + 18*r + 1. What is the hundreds digit of k(-1)?
3
Let k be (0/(-3))/(0 + -2). Suppose k = z - 11 + 5. Suppose 217 = g + z*g. What is the tens digit of g?
3
Let t = -17 - -34. Let q = t + -11. What is the tens digit of 16 + q/(-2) + -1?
1
Let a = 5497 - 2695. What is the tens digit of a?
0
Let q = 6 + -9. Let o be q - (-3 + 1 - 1). Suppose o = y + y - 4. What is the units digit of y?
2
Let q = 5727 + -2436. What is the hundreds digit of q?
2
Let p(l) = l**2 - 7*l - 8. Let t be p(-9). Let m = -71 + t. What is the tens digit of m?
6
Suppose -5*m - k + 17168 = 0, -1461 = -m + 4*k + 1960. What is the tens digit of m?
3
Let u = 511 + -508. Let a = 14 + -2. Suppose -u*s + 63 - a = 0. What is the units digit of s?
7
Suppose 3*o = -3*p - 8 - 4, 4 = 5*p - o. Suppose p = -6*n + 9*n - 393. What is the tens digit of n?
3
Let s be ((-22)/(-2))/((-10)/2 - -6). Suppose -5*m - p + 39 = 0, 4*p + s = m + p. What is the units digit of m?
8
Let t(u) = u**2 + 3*u - 91 + 124 - 22*u. What is the units digit of t(19)?
3
Suppose 16*p - 21*p + 40 = 0. Suppose 4*y - 29 = -5*l + 4, -4*y = -p. Suppose -2*n - 2*s = -0*s - 68, -l*n + 142 = -2*s. What is the units digit of n?
0
What is the hundreds digit of (-31713)/(-15) + 12/15?
1
Let g be (-2)/14 + (-44)/(-14). Suppose -g*c - 10 - 32 = 0. What is the tens digit of (20/6)/(c/(-231))?
5
Let i(f) = 3*f**3 - 2*f**2 + 3*f - 3. Let b be i(2). Suppose -x + 66 = b. What is the units digit of x?
7
Let q be 0 + -2 + -30 + 32. Let v = 65 - 14. Suppose q*s - v = -s. What is the units digit of s?
1
Let c(q) = -q - 8. Let i be c(8). Let u = 5 + i. Let a(p) = p**3 + 10*p**2 - 14*p - 6. What is the units digit of a(u)?
7
Let z = 162 - 74. Let d = 147 - z. What is the tens digit of d?
5
Suppose -261 + 61 = y. What is the tens digit of ((-6)/10)/(8/y)?
1
Suppose -7 = -z + 2*i, z - 2 = 4*i + 9. Suppose -2*a - 61 = -5*l, -5*l + z*a + 0*a + 59 = 0. Let d = l - -22. What is the tens digit of d?
3
Suppose -15*o - 1693 = -5*h - 11*o, -h - 5*o + 356 = 0. What is the tens digit of h?
4
Suppose 4*h = 5*h - 14. What is the units digit of h?
4
Let w(v) = -v**3 + 4*v**2. Let k be w(4). Suppose k = -4*m - 4*d, -m - 4 = -0*m + 5*d. Let f = 17 + m. What is the tens digit of f?
1
Let d(s) = 97*s + 38. What is the units digit of d(5)?
3
Let g be 1/(1/(-7*2)). Let n = 6 + g. What is the units digit of -1 + 1 - 0 - n?
8
Suppose -n + 15*j + 228 = 19*j, -4*j = -3*n + 716. What is the hundreds digit of n?
2
Let t be 6 + -10 - -170 - -6. Suppose 3*x = 5*n + 71, -2*n = 4*x + n - 56. Suppose -t = -5*m - x. What is the units digit of m?
1
Let i(b) = b**2 + 2*b - 4. Let w = -8 - -4. Let f be i(w). Suppose 0 = -4*p - f, -6*p + 2*p - 100 = -3*u. What is the units digit of u?
2
Let m(k) = -207*k**3 + k**2 + 2*k + 1. Let p be m(-1). Suppose -3*t + p = 5*s, -5*s + 2*t + 214 = -2*t. Let v = -14 + s. What is the tens digit of v?
2
Let w = 8 + -7. Suppose 5*z - w = 4. Let f(p) = 20*p**3 - p**2 + p. What is the tens digit of f(z)?
2
Let q = 6549 + -3763. What is the thousands digit of q?
2
Suppose -204 = -6*t + 3180. What is the units digit of t?
4
Suppose s - 3 + 2 = 0, 0 = 5*p + 4*s - 2334. What is the hundreds digit of p?
4
Let w = -282 - -120. Let m = 298 + w. Suppose 2*t - m = -2*t. What is the tens digit of t?
3
Suppose 5*v + 4*t = 15237, -859 = -3*v - 5*t + 8278. What is the thousands digit of v?
3
Let i(d) be the second derivative of d**4/12 + 7*d**3/2 + 33*d**2/2 - 7*d. What is the units digit of i(-20)?
3
Let x(u) = -31*u + 4. Let o = 81 + -86. What is the hundreds digit of x(o)?
1
Let x be ((-102)/(-18))/(1/(-6)). Let d = x - -24. What is the tens digit of 6/d - 861/(-35)?
2
Suppose 0 = 5*w - 2773 - 9542. What is the units digit of w?
3
Let s(z) = -16*z + 72. What is the tens digit of s(-15)?
1
What is the hundreds digit of 590 + -2 + (4 - 6)?
5
Let h = 2 - 2. Suppose h = 2*x + 47 - 207. Suppose -2*j - 3*j + x = -4*m, 3*j = 4*m + 56. What is the units digit of j?
2
Suppose -3*w + 4094 = t, 3*w + 3*t - 2794 = 1292. What is the tens digit of w?
6
Let q = -25 - -634. Suppose -5*j - 234 + q = 0. What is the units digit of j?
5
Suppose -119*m + 56 = -118*m. What is the tens digit of m?
5
Let z(j) be the third derivative of -35*j**4/24 - j**3/3 + 11*j**2. What is the units digit of z(-3)?
3
Suppose -99 = -c - 4*l, 3*c + 85 - 372 = -2*l. Let r = -48 + c. What is the units digit of r?
7
Let k = -15 - -17. Suppose -3*i + k*i = 2*w + 6, 0 = 5*w - 5*i. What is the units digit of (1 + w)*(-8 + 1)?
7
Let z = 1 + -3. Let j be z/(-13) - 557/(-13). Suppose -3*k - j = -4*k. What is the tens digit of k?
4
Suppose -3*d = -5*a - 0*d + 291, -3*a + 186 = 2*d. Let t = -34 + a. What is the tens digit of t?
2
Suppose -3*s - 86 = -3*p - 221, 4*p + 150 = -2*s. Let o be (p - 2)/(0 + -1). What is the units digit of (-2)/(-11) - o/(-11)?
4
Let q be (-14)/(-4) - (-48)/32. Suppose 5*j = -0*j + 5*r + 155, -q*r = -4*j + 129. What is the units digit of j?
6
Let b = 45 + -49. What is the units digit of b + -14*5/(-10)?
3
Let o be (0 + -2)*155/(-10). Let x = 1 + o. What is the units digit of x?
2
Let z be 1*(-5 - -2)*-2. Let t = z + -1. Suppose 3*p - p = t*x + 27, -5*p + 15 = -2*x. What is the units digit of p?
1
Let j(y) = -2*y + 16. Suppose 0 = -2*t - 13 - 31. What is the units digit of j(t)?
0
Suppose 7*c - 679 = -3*s + 5*c, 0 = -5*c - 5. What is the hundreds digit of s?
2
Suppose -9*g - 16*g = -40750. What is the tens digit of g?
3
Suppose 263 - 95 = 3*q. Let b = 80 - q. Let s = -9 + b. What is the tens digit of s?
1
Let t(f) = 36*f**2 + 14*f - 3. What is the hundreds digit of t(5)?
9
Suppose -k + 12 = -5*k. Suppose -d - 2*j = 0, -5*d + 4*j + 1 + 41 = 0. Let y = d - k. What is the units digit of y?
9
Suppose 0 = -27*u + 34*u + 3843. Let x = -316 - u. What is the units digit of x?
3
Let l = 84 - -39. Suppose o + l = 5*i - 3*o, i = 3*o + 29. What is the tens digit of i?
2
Let s(m) = m**3 - 7*m**2 + 2*m - 8. Let k be s(7). Let f = k + -4. Suppose -4*p - 2*w = -94, -52 = -2*p + f*w + 2*w. What is the tens digit of p?
2
Let k(w) = 3*w**2 - 17*w + 6. Suppose 0 = 8*u - 3*u - 35. What is the units digit of k(u)?
4
Suppose u - 5667 = -5*k, 3*k - 4988 = -3*u - 1583. What is the thousands digit of k?
1
Let n be (-2)/((4/1)/244). Let a = n - -181. What is the tens digit of a?
5
Suppose 3*g - 12 = -3*g. Suppose 0 = -g*o - 0*o + 320. Suppose 0 = -w - 3*w + o. What is the tens digit of w?
4
Suppose 3 = -2*y + 3*i - 5, 3*y - i + 12 = 0. What is the tens digit of 32 + (-2 - y) + -5?
2
Let x(g) = 3*g**2 + 18*g - 116. What is the units digit of x(15)?
9
Let l = -9 - -9. Suppose -3*t + 3*d - 48 = -180, l = -5*t - d + 190. What is the units digit of t?
9
Let o(q) = -q**2 - 7*q - 2. Let d be o(-6). Let i(s) = -6*s + 80. Let u be i(12). What is the units digit of 4 + u/d + 23?
9
Suppose -1 = -4*n + 15, 18 = 2*s + 3*n. Let z(a) = a + s*a**2 - 4 + 5*a**2 - 7*a**2 + a. What is the units digit of z(3)?
1
Let q be ((-26)/6 + -1)*-9. Let d = q - 18. What is the units digit of 6/5*d/4?
9
Let q(s) = -s**2 - 10*s + 2. Let h be q(-11). Let j(a) = a**3 + 10*a**2 + a - 11. Let o be j(h). Suppose 3*p - 11 = o. What is the units digit of p?
4
Let w(b) = -b + 3. Suppose